{"id":250,"date":"2018-03-23T10:01:19","date_gmt":"2018-03-23T09:01:19","guid":{"rendered":"http:\/\/templategdr.dii.unipd.it\/?page_id=223"},"modified":"2023-07-28T13:50:17","modified_gmt":"2023-07-28T11:50:17","slug":"people","status":"publish","type":"page","link":"https:\/\/research.dii.unipd.it\/sindone\/people\/","title":{"rendered":"Recapiti"},"content":{"rendered":"<div data-label=\"Content\" data-id=\"content--1\" data-export-id=\"content-7\" data-category=\"content\" class=\"content-7 content-section content-section-spacing\" id=\"content-1\" style=\"background-image: none\" data-section-ov=\"1\"><div class=\"gridContainer\"> <div class=\"row middle-sm\"><div class=\"col-sm-6 space-bottom-xs\" data-type=\"column\"> <h2 class=\"\">Prof. Giulio Fanti<\/h2> <p class=\"\"><span style=\"font-style: italic\">Versione Italiana<\/span>\n<br><br>Giulio Fanti \u00e8 professore associato di Misure Meccaniche e Termiche presso il Dipartimento di Ingegneria Industriale dell\u2019Universit\u00e0 di Padova dal 1996.<br>\n\u00c8 stato membro fondatore del Centro Interdipartimentale Studi ed Attivit\u00e0 Spaziali \u201cCISAS G. Colombo\u201d, segretario del gruppo italiano di docenti ufficiali di Misure Meccaniche e Termiche ed \u00e8 stato membro di gruppi internazionali per importanti missioni spaziali.<br>\nSi occupa della Sindone da pi\u00f9 di venti anni, da pi\u00f9 di dieci anni \u00e8 coordinatore del gruppo Shroud Science (che conta pi\u00f9 di un centinaio di studiosi per lo pi\u00f9 americani) ed \u00e8 stato membro del Comitato Scientifico di diversi Convegni.<br>\n\u00c8 stato recentemente il coordinatore di un Progetto di Ricerca di Ateneo sulla Sindone finanziato dall\u2019Universit\u00e0 di Padova ed \u00e8 membro di diversi gruppi di studi sulla tema.<br>\nLa sua attuale attivit\u00e0 di ricerca \u00e8 mirata alla spiegazione, almeno parziale, del processo di formazione dell\u2019immagine corporea (ancora oggi non riproducibile nella sua interezza), alla ricostruzione 3D della postura dell\u2019Uomo avvolto, alla datazione della Reliquia con metodi alternativi al C14 e alla micro\/nano-analisi di fluidi corporei atta a meglio definire l\u2019effetto delle torture subite da quell\u2019Uomo.<br>\n\u00c8 autore di pi\u00f9 di duecento lavori compresi libri, testi didattici e <span style=\"font-weight: 400\">pubblicazioni<\/span> su importanti riviste italiane ed internazionali, la gran parte dei quali su argomenti sindonici.<\/p> <p class=\"\"><span style=\"font-style: italic\">English version<\/span>\n<br><br>Giulio Fanti is associate professor of Mechanical and Thermal Measurements at the Department of Industrial Engineering of the University of Padua since 1996.<br>\nHe was a founding member of the Interdepartmental Center for Space Studies and Activities \u201cCISAS G. Colombo\u201d, secretary of the Italian group of official teachers of Mechanical and Thermal Measurements and was a member of international groups for important space missions.<br>\nHe studies the Shroud from more than twenty years, he has been coordinator of the Shroud Science group for more than ten years (which has more than a hundred scholars, mostly Americans) and was a member of the Scientific Committee of several Conferences.<br>\nHe was recently the coordinator of a University Research Project on the Shroud funded by the University of Padua and is a member of several study groups on the topic.<br>\nHis current research activity is aimed at explaining, at least partially, the process of the body image forming (still not reproducible in its entirety today), the 3D reconstruction of the wrapped Man\u2019s posture, the dating of the Relic with alternative methods to the C14 and the micro \/ nano-analysis of body fluids to better define the effect of the tortures suffered by that Man.<br>\nHe is the author of more than two hundred works including books, educational texts and publications in important Italian and international journals, most of them on Shroud subjects.<\/p><\/div> <div class=\"col-sm-6\" data-type=\"column\"> <img decoding=\"async\" class=\"shadow-large\" src=\"https:\/\/research.dii.unipd.it\/sindone\/wp-content\/uploads\/sites\/85\/2023\/06\/cropped-cropped-cropped-Giulio-Fanti.jpg\" title=\"cropped-cropped-cropped-Giulio-Fanti.jpg\" alt=\"\"><\/div> <\/div><\/div> <\/div><div data-label=\"Overlappable\" data-id=\"overlappable--1\" data-export-id=\"overlappable-5\" data-category=\"overlappable\" class=\"overlappable-5 content-section content-section-spacing\" data-overlap=\"true\" id=\"overlappable-1\" style=\"background-image: none\" data-section-ov=\"1\"><div class=\"gridContainer\"> <div data-type=\"row\" class=\"row shadow-medium bg-color-white\"><div class=\"col-xs-12 col-sm-4 col-padding col-padding-xs bg-color-white\"> <div class=\"row middle-sm\"><div class=\"col-xs-12 col-sm-fit icon-column\"> <i class=\"fa icon fa-fax bordered round color2\"><\/i><\/div> <div data-type=\"column\" class=\"col-xs-12 col-sm v-spacing\"><h5 class=\"\">RECAPITI<\/h5><\/div> <\/div> <div class=\"row\"> <div class=\"col-xs-12 col-sm-12\" data-type=\"column\"> <p class=\"\"><span style=\"font-weight: 700\"><br>Posta elettronica:&nbsp;<span style=\"font-weight: 400\">giulio.fanti@unipd.it<\/span><\/span><span style=\"font-weight: 400\"><br><br>\n<span style=\"font-weight: 700\">Telefono ufficio:&nbsp;<span style=\"font-weight: 400\">049 8276804<\/span><\/span><br><br><span style=\"font-weight: 700\">Qualifica:<\/span> Professore Associato Confermato\n<br><br><span style=\"font-weight: 700\">Struttura:<\/span> Dipartimento di Ingegneria Industriale (DII)\n<br>\n<br><span style=\"font-weight: 700\">Settore Scientifico:<\/span>&nbsp;ING-IND\/12 \u2013 MISURE MECCANICHE E TERMICHE<\/span><\/p> <\/div> <\/div><\/div> <div class=\"col-xs-12 col-sm-4 col-padding col-padding-xs bg-color-white\"><div class=\"row middle-sm\"> <div class=\"col-xs-12 col-sm-fit icon-column\"><i class=\"fa icon fa-clock-o bordered round color2\"><\/i><\/div> <div data-type=\"column\" class=\"col-xs-12 col-sm v-spacing\"><h5 class=\"\">ORARIO DI RICEVIMENTO<\/h5><\/div> <\/div> <div class=\"row\"> <div class=\"col-xs-12 col-sm-12\" data-type=\"column\"> <p class=\"\">\n<br>\nIn Ufficio nei seguenti orari:<br><br><span style=\"font-weight: 700\">Luned\u00ec<\/span>\n<br><br><span style=\"font-weight: 700\">Mercoled\u00ec<\/span><\/p> <\/div> <\/div><\/div> <div class=\"col-xs-12 col-sm-4 col-padding col-padding-xs bg-color-white\"><div class=\"row middle-sm\"> <div class=\"col-xs-12 col-sm-fit icon-column\"><i class=\"fa icon fa-mortar-board bordered round color2\"><\/i><\/div> <div data-type=\"column\" class=\"col-xs-12 col-sm v-spacing\"><h5 class=\"\">PROPOSTE DI TESI<\/h5><\/div> <\/div> <div class=\"row\"> <div class=\"col-xs-12 col-sm-12\" data-type=\"column\"> <p class=\"\">\n<br>\u2013Misure di sforzo\/deformazione in singole fibre tessili\n<br><br>\n\u2013 Automazione di una macchina di misura sforzo\/deformazione\n<br><br>\n\u2013 Determinazione di propriet\u00e0 meccaniche di fibre tessili naturali<\/p> <\/div> <\/div><\/div> <\/div><\/div> <\/div>","protected":false},"excerpt":{"rendered":"<p>Prof. Giulio Fanti Versione Italiana Giulio Fanti \u00e8 professore associato di Misure Meccaniche e Termiche presso il Dipartimento di Ingegneria Industriale dell\u2019Universit\u00e0 di Padova dal 1996. \u00c8 stato membro fondatore del Centro Interdipartimentale Studi ed Attivit\u00e0 Spaziali \u201cCISAS G. Colombo\u201d, segretario del gruppo italiano di docenti ufficiali di Misure Meccaniche e Termiche ed \u00e8 stato&hellip; <br \/> <a class=\"read-more\" href=\"https:\/\/research.dii.unipd.it\/sindone\/people\/\">Leggi tutto<\/a><\/p>\n","protected":false},"author":1,"featured_media":0,"parent":0,"menu_order":0,"comment_status":"closed","ping_status":"closed","template":"pro\/page-templates\/full-width-page.php","meta":{"footnotes":""},"folder":[],"class_list":["post-250","page","type-page","status-publish","hentry"],"yoast_head":"<!-- This site is optimized with the Yoast SEO plugin v27.4 - https:\/\/yoast.com\/product\/yoast-seo-wordpress\/ -->\n<title>Recapiti - Sacra Sindone<\/title>\n<meta name=\"robots\" content=\"index, follow, max-snippet:-1, max-image-preview:large, max-video-preview:-1\" \/>\n<link rel=\"canonical\" href=\"https:\/\/research.dii.unipd.it\/sindone\/people\/\" \/>\n<meta property=\"og:locale\" content=\"it_IT\" \/>\n<meta property=\"og:type\" content=\"article\" \/>\n<meta property=\"og:title\" content=\"Recapiti - Sacra Sindone\" \/>\n<meta property=\"og:description\" content=\"Prof. Giulio Fanti Versione Italiana Giulio Fanti \u00e8 professore associato di Misure Meccaniche e Termiche presso il Dipartimento di Ingegneria Industriale dell\u2019Universit\u00e0 di Padova dal 1996. \u00c8 stato membro fondatore del Centro Interdipartimentale Studi ed Attivit\u00e0 Spaziali \u201cCISAS G. Colombo\u201d, segretario del gruppo italiano di docenti ufficiali di Misure Meccaniche e Termiche ed \u00e8 stato&hellip; Leggi tutto\" \/>\n<meta property=\"og:url\" content=\"https:\/\/research.dii.unipd.it\/sindone\/people\/\" \/>\n<meta property=\"og:site_name\" content=\"Sacra Sindone\" \/>\n<meta property=\"article:modified_time\" content=\"2023-07-28T11:50:17+00:00\" \/>\n<meta property=\"og:image\" content=\"https:\/\/research.dii.unipd.it\/sindone\/wp-content\/uploads\/sites\/85\/2023\/06\/cropped-cropped-cropped-Giulio-Fanti.jpg\" \/>\n<meta name=\"twitter:card\" content=\"summary_large_image\" \/>\n<meta name=\"twitter:label1\" content=\"Tempo di lettura stimato\" \/>\n\t<meta name=\"twitter:data1\" content=\"3 minuti\" \/>\n<script type=\"application\/ld+json\" class=\"yoast-schema-graph\">{\"@context\":\"https:\\\/\\\/schema.org\",\"@graph\":[{\"@type\":\"WebPage\",\"@id\":\"https:\\\/\\\/research.dii.unipd.it\\\/sindone\\\/people\\\/\",\"url\":\"https:\\\/\\\/research.dii.unipd.it\\\/sindone\\\/people\\\/\",\"name\":\"Recapiti - Sacra Sindone\",\"isPartOf\":{\"@id\":\"https:\\\/\\\/research.dii.unipd.it\\\/sindone\\\/#website\"},\"primaryImageOfPage\":{\"@id\":\"https:\\\/\\\/research.dii.unipd.it\\\/sindone\\\/people\\\/#primaryimage\"},\"image\":{\"@id\":\"https:\\\/\\\/research.dii.unipd.it\\\/sindone\\\/people\\\/#primaryimage\"},\"thumbnailUrl\":\"https:\\\/\\\/research.dii.unipd.it\\\/sindone\\\/wp-content\\\/uploads\\\/sites\\\/85\\\/2023\\\/06\\\/cropped-cropped-cropped-Giulio-Fanti.jpg\",\"datePublished\":\"2018-03-23T09:01:19+00:00\",\"dateModified\":\"2023-07-28T11:50:17+00:00\",\"breadcrumb\":{\"@id\":\"https:\\\/\\\/research.dii.unipd.it\\\/sindone\\\/people\\\/#breadcrumb\"},\"inLanguage\":\"it-IT\",\"potentialAction\":[{\"@type\":\"ReadAction\",\"target\":[\"https:\\\/\\\/research.dii.unipd.it\\\/sindone\\\/people\\\/\"]}]},{\"@type\":\"ImageObject\",\"inLanguage\":\"it-IT\",\"@id\":\"https:\\\/\\\/research.dii.unipd.it\\\/sindone\\\/people\\\/#primaryimage\",\"url\":\"https:\\\/\\\/research.dii.unipd.it\\\/sindone\\\/wp-content\\\/uploads\\\/sites\\\/85\\\/2023\\\/06\\\/cropped-cropped-cropped-Giulio-Fanti.jpg\",\"contentUrl\":\"https:\\\/\\\/research.dii.unipd.it\\\/sindone\\\/wp-content\\\/uploads\\\/sites\\\/85\\\/2023\\\/06\\\/cropped-cropped-cropped-Giulio-Fanti.jpg\",\"width\":375,\"height\":582},{\"@type\":\"BreadcrumbList\",\"@id\":\"https:\\\/\\\/research.dii.unipd.it\\\/sindone\\\/people\\\/#breadcrumb\",\"itemListElement\":[{\"@type\":\"ListItem\",\"position\":1,\"name\":\"Home\",\"item\":\"https:\\\/\\\/research.dii.unipd.it\\\/sindone\\\/\"},{\"@type\":\"ListItem\",\"position\":2,\"name\":\"Recapiti\"}]},{\"@type\":\"WebSite\",\"@id\":\"https:\\\/\\\/research.dii.unipd.it\\\/sindone\\\/#website\",\"url\":\"https:\\\/\\\/research.dii.unipd.it\\\/sindone\\\/\",\"name\":\"Sacra Sindone\",\"description\":\"\",\"publisher\":{\"@id\":\"https:\\\/\\\/research.dii.unipd.it\\\/sindone\\\/#organization\"},\"potentialAction\":[{\"@type\":\"SearchAction\",\"target\":{\"@type\":\"EntryPoint\",\"urlTemplate\":\"https:\\\/\\\/research.dii.unipd.it\\\/sindone\\\/?s={search_term_string}\"},\"query-input\":{\"@type\":\"PropertyValueSpecification\",\"valueRequired\":true,\"valueName\":\"search_term_string\"}}],\"inLanguage\":\"it-IT\"},{\"@type\":\"Organization\",\"@id\":\"https:\\\/\\\/research.dii.unipd.it\\\/sindone\\\/#organization\",\"name\":\"Universit\u00e0 degli studi di Padova\",\"url\":\"https:\\\/\\\/research.dii.unipd.it\\\/sindone\\\/\",\"logo\":{\"@type\":\"ImageObject\",\"inLanguage\":\"it-IT\",\"@id\":\"https:\\\/\\\/research.dii.unipd.it\\\/sindone\\\/#\\\/schema\\\/logo\\\/image\\\/\",\"url\":\"https:\\\/\\\/research.dii.unipd.it\\\/sindone\\\/wp-content\\\/uploads\\\/sites\\\/85\\\/2023\\\/08\\\/cropped-Logo_HOME-2.jpg\",\"contentUrl\":\"https:\\\/\\\/research.dii.unipd.it\\\/sindone\\\/wp-content\\\/uploads\\\/sites\\\/85\\\/2023\\\/08\\\/cropped-Logo_HOME-2.jpg\",\"width\":1573,\"height\":603,\"caption\":\"Universit\u00e0 degli studi di Padova\"},\"image\":{\"@id\":\"https:\\\/\\\/research.dii.unipd.it\\\/sindone\\\/#\\\/schema\\\/logo\\\/image\\\/\"}}]}<\/script>\n<!-- \/ Yoast SEO plugin. -->","yoast_head_json":{"title":"Recapiti - Sacra Sindone","robots":{"index":"index","follow":"follow","max-snippet":"max-snippet:-1","max-image-preview":"max-image-preview:large","max-video-preview":"max-video-preview:-1"},"canonical":"https:\/\/research.dii.unipd.it\/sindone\/people\/","og_locale":"it_IT","og_type":"article","og_title":"Recapiti - Sacra Sindone","og_description":"Prof. Giulio Fanti Versione Italiana Giulio Fanti \u00e8 professore associato di Misure Meccaniche e Termiche presso il Dipartimento di Ingegneria Industriale dell\u2019Universit\u00e0 di Padova dal 1996. \u00c8 stato membro fondatore del Centro Interdipartimentale Studi ed Attivit\u00e0 Spaziali \u201cCISAS G. Colombo\u201d, segretario del gruppo italiano di docenti ufficiali di Misure Meccaniche e Termiche ed \u00e8 stato&hellip; Leggi tutto","og_url":"https:\/\/research.dii.unipd.it\/sindone\/people\/","og_site_name":"Sacra Sindone","article_modified_time":"2023-07-28T11:50:17+00:00","og_image":[{"url":"https:\/\/research.dii.unipd.it\/sindone\/wp-content\/uploads\/sites\/85\/2023\/06\/cropped-cropped-cropped-Giulio-Fanti.jpg","type":"","width":"","height":""}],"twitter_card":"summary_large_image","twitter_misc":{"Tempo di lettura stimato":"3 minuti"},"schema":{"@context":"https:\/\/schema.org","@graph":[{"@type":"WebPage","@id":"https:\/\/research.dii.unipd.it\/sindone\/people\/","url":"https:\/\/research.dii.unipd.it\/sindone\/people\/","name":"Recapiti - Sacra Sindone","isPartOf":{"@id":"https:\/\/research.dii.unipd.it\/sindone\/#website"},"primaryImageOfPage":{"@id":"https:\/\/research.dii.unipd.it\/sindone\/people\/#primaryimage"},"image":{"@id":"https:\/\/research.dii.unipd.it\/sindone\/people\/#primaryimage"},"thumbnailUrl":"https:\/\/research.dii.unipd.it\/sindone\/wp-content\/uploads\/sites\/85\/2023\/06\/cropped-cropped-cropped-Giulio-Fanti.jpg","datePublished":"2018-03-23T09:01:19+00:00","dateModified":"2023-07-28T11:50:17+00:00","breadcrumb":{"@id":"https:\/\/research.dii.unipd.it\/sindone\/people\/#breadcrumb"},"inLanguage":"it-IT","potentialAction":[{"@type":"ReadAction","target":["https:\/\/research.dii.unipd.it\/sindone\/people\/"]}]},{"@type":"ImageObject","inLanguage":"it-IT","@id":"https:\/\/research.dii.unipd.it\/sindone\/people\/#primaryimage","url":"https:\/\/research.dii.unipd.it\/sindone\/wp-content\/uploads\/sites\/85\/2023\/06\/cropped-cropped-cropped-Giulio-Fanti.jpg","contentUrl":"https:\/\/research.dii.unipd.it\/sindone\/wp-content\/uploads\/sites\/85\/2023\/06\/cropped-cropped-cropped-Giulio-Fanti.jpg","width":375,"height":582},{"@type":"BreadcrumbList","@id":"https:\/\/research.dii.unipd.it\/sindone\/people\/#breadcrumb","itemListElement":[{"@type":"ListItem","position":1,"name":"Home","item":"https:\/\/research.dii.unipd.it\/sindone\/"},{"@type":"ListItem","position":2,"name":"Recapiti"}]},{"@type":"WebSite","@id":"https:\/\/research.dii.unipd.it\/sindone\/#website","url":"https:\/\/research.dii.unipd.it\/sindone\/","name":"Sacra Sindone","description":"","publisher":{"@id":"https:\/\/research.dii.unipd.it\/sindone\/#organization"},"potentialAction":[{"@type":"SearchAction","target":{"@type":"EntryPoint","urlTemplate":"https:\/\/research.dii.unipd.it\/sindone\/?s={search_term_string}"},"query-input":{"@type":"PropertyValueSpecification","valueRequired":true,"valueName":"search_term_string"}}],"inLanguage":"it-IT"},{"@type":"Organization","@id":"https:\/\/research.dii.unipd.it\/sindone\/#organization","name":"Universit\u00e0 degli studi di Padova","url":"https:\/\/research.dii.unipd.it\/sindone\/","logo":{"@type":"ImageObject","inLanguage":"it-IT","@id":"https:\/\/research.dii.unipd.it\/sindone\/#\/schema\/logo\/image\/","url":"https:\/\/research.dii.unipd.it\/sindone\/wp-content\/uploads\/sites\/85\/2023\/08\/cropped-Logo_HOME-2.jpg","contentUrl":"https:\/\/research.dii.unipd.it\/sindone\/wp-content\/uploads\/sites\/85\/2023\/08\/cropped-Logo_HOME-2.jpg","width":1573,"height":603,"caption":"Universit\u00e0 degli studi di Padova"},"image":{"@id":"https:\/\/research.dii.unipd.it\/sindone\/#\/schema\/logo\/image\/"}}]}},"_links":{"self":[{"href":"https:\/\/research.dii.unipd.it\/sindone\/wp-json\/wp\/v2\/pages\/250","targetHints":{"allow":["GET"]}}],"collection":[{"href":"https:\/\/research.dii.unipd.it\/sindone\/wp-json\/wp\/v2\/pages"}],"about":[{"href":"https:\/\/research.dii.unipd.it\/sindone\/wp-json\/wp\/v2\/types\/page"}],"author":[{"embeddable":true,"href":"https:\/\/research.dii.unipd.it\/sindone\/wp-json\/wp\/v2\/users\/1"}],"replies":[{"embeddable":true,"href":"https:\/\/research.dii.unipd.it\/sindone\/wp-json\/wp\/v2\/comments?post=250"}],"version-history":[{"count":13,"href":"https:\/\/research.dii.unipd.it\/sindone\/wp-json\/wp\/v2\/pages\/250\/revisions"}],"predecessor-version":[{"id":571,"href":"https:\/\/research.dii.unipd.it\/sindone\/wp-json\/wp\/v2\/pages\/250\/revisions\/571"}],"wp:attachment":[{"href":"https:\/\/research.dii.unipd.it\/sindone\/wp-json\/wp\/v2\/media?parent=250"}],"wp:term":[{"taxonomy":"folder","embeddable":true,"href":"https:\/\/research.dii.unipd.it\/sindone\/wp-json\/wp\/v2\/folder?post=250"}],"curies":[{"name":"wp","href":"https:\/\/api.w.org\/{rel}","templated":true}]}}